thousands digit of -1*((90/20)/(-9))/((-2)/(-20908))?
5
Let b(x) = 4*x - 45. Let a be b(15). Suppose -16 = 23*s - a*s. What is the tens digit of (3 + s)*(-1 - -138)*1?
3
Let h be 591/9 - 20/12. Suppose -1794 = -h*f + 58*f. What is the hundreds digit of f?
2
Let y = -103 - -109. Suppose -4*g - y*d + 345 = -5*d, 2*g = 5*d + 167. What is the tens digit of g?
8
What is the hundreds digit of 5*8/60 - (-5 - (-662235)/(-45))?
7
Let n(o) be the second derivative of 25*o**4/4 + o**3/6 + 3*o**2/2 + 13*o - 5. What is the tens digit of n(1)?
7
Let i(t) = t**3 - t**2 + 1. Let a(d) = d**3 + 4*d**2 + 8*d - 2. Let s(z) = -a(z) + 2*i(z). Let c be s(7). What is the units digit of (77 - -2)*(4 + c)?
9
Suppose 54*k + 84*k = 1233582. What is the tens digit of k?
3
Suppose 2*p - 34519 - 19911 = -5*u, 3*p - 3*u - 81561 = 0. What is the units digit of p?
5
Let g(z) = -32*z + 1. Let x be g(-2). Suppose 30 = 10*l - 4*l. Suppose -49 = -o - v, -2*o = -l*v - x - 61. What is the tens digit of o?
5
What is the thousands digit of 65/15 + -4 + (-216172)/(-51)?
4
Suppose 0 = -24*r + 11*r + 24505. Suppose -2*w + 1787 = -5*j, 3*j - 108 + r = 2*w. What is the hundreds digit of w?
8
Suppose -7*r + 48*r - 98728 = 0. What is the hundreds digit of r?
4
Let d(l) = 5*l - 13. Let a be d(3). Let h be 2 - 4 - (-82 + a). Suppose -q = -5*f + 137, 2*q - 4*q = -3*f + h. What is the units digit of f?
8
Suppose 1104 - 5212 = -13*w. Let j = w + -133. What is the units digit of j?
3
Let z(l) = 1839*l - 75. Let v(f) = 263*f - 11. Let c(b) = -27*v(b) + 4*z(b). What is the units digit of c(2)?
7
Suppose -1038 + 177 = -7*x. Let n = -28 + x. What is the units digit of n?
5
Let x(z) = z**3 + 2*z**2 - 3*z - 3. Let w(b) = b + 1. Let u(j) = -2*w(j) + x(j). Let a be u(-3). What is the units digit of 1*16 - (a + 2)*1?
3
Suppose 0 = 21*g - 27*g - 72. Let w be (-9 + 1)*((-57)/g + -5). Suppose -6*m + w*m + 636 = 0. What is the units digit of m?
9
Suppose -4*b + 124450 = 3*j, 2*b - 4 = -2*b. What is the thousands digit of j?
1
Let b be 1*3/(-2)*(-1 - 1). Suppose 234 = d + b*k - 16, 0 = -3*d - 3*k + 732. Suppose 114 + d = 5*a. What is the tens digit of a?
7
Suppose 3*g - 149 = -4*y + 7, 3*y - 116 = -2*g. Suppose 4*l = b, y = -b + 6*b - 2*l. What is the units digit of b?
8
Suppose -5*m = -5*v + 15, 3*m + 0*m = 0. Let c be v/(-18) + 4254/36. Let y = 124 + c. What is the hundreds digit of y?
2
Let m(x) = 10885*x - 957. What is the units digit of m(1)?
8
Suppose 4*f - 3*y = -1688, -5*f + 8*y - 2110 = 11*y. Let l = f - -591. What is the hundreds digit of l?
1
Suppose 0 = -4*a + 2*a + 4. Suppose 3*n - 410 = -a*j, -5*j + 16 = -2*n + 264. What is the tens digit of n?
3
Let v = 611 - 607. What is the thousands digit of ((-8)/v - -134)*(-76)/(-8)?
1
Suppose -52*s - 302175 = -77*s. What is the units digit of s?
7
Let h(x) be the second derivative of 29*x**4/12 - 5*x**3/3 + 23*x**2/2 - 14*x + 2. What is the tens digit of h(3)?
5
Suppose -3 - 9 = 2*v. Let i(w) be the third derivative of w**5/60 + 5*w**4/24 + w**3/6 - 26*w**2. What is the units digit of i(v)?
7
Let l(w) = w**2 - 22*w + 66. Let g be l(10). What is the units digit of 1946/6 + (-90)/g?
6
What is the hundreds digit of 1662012/176 - (-12)/16?
4
Let i = 491 - 301. Suppose -4*g + 1054 = -i. What is the hundreds digit of g?
3
Suppose 46336 = 4*l + 4*d, -2*l = -4*l - 4*d + 23172. What is the tens digit of l?
8
Let i = -850 + 853. Suppose -2*p + i*c + 123 = -p, -3*c - 3 = 0. What is the units digit of p?
0
Let g = 37 - 45. Let t = 24 - g. What is the units digit of (0 + 2)/(t/48)?
3
Let c = 18399 + -10372. What is the units digit of c?
7
Suppose 0 = -2*b + 4*f + 88006, -2*b - 7*f + 9*f = -88022. What is the tens digit of b?
1
Let m(i) = 9*i**3 + 58*i**2 - 23*i + 29. Let d(y) = -4*y**3 - 28*y**2 + 11*y - 15. Let c(x) = 5*d(x) + 2*m(x). What is the units digit of c(-14)?
1
Suppose -193*j + 88044 = -181*j. What is the thousands digit of j?
7
Let n be 7 + (-6 - 2) + 431. Let g = n + 307. What is the hundreds digit of g?
7
What is the tens digit of 7801 + (4/6)/((-48)/(-432))?
0
Suppose -3*p + 24318 + 72402 = 4*w, 3*p - 3*w - 96720 = 0. What is the thousands digit of p?
2
Let d(c) = c**3 + 11*c**2 + 2*c - 5. Let z(m) = 10*m**3 + m**2 - 1. Let f be z(-1). Let o be d(f). Let r = o - 3. What is the units digit of r?
2
Let h(i) = -33*i + 55. Let o be h(-43). Let u = -647 + o. What is the hundreds digit of u?
8
Let b be (68/(-102))/((-1663)/1662 + 1). Let n = 1858 - b. What is the hundreds digit of n?
7
Let w be 30/9*(-18)/(-12). Suppose w*l - c - 743 = 0, 3*l - 4*c - 261 = 178. What is the hundreds digit of l?
1
Suppose f = 19 - 15. Suppose 87 + 1041 = f*q. What is the hundreds digit of q?
2
Suppose x - 3*l - 12 = l, -x + 3*l + 9 = 0. Suppose 5*r + 3*r + 32 = x. Let w(u) = -36*u + 2. What is the units digit of w(r)?
6
Let u(o) = -5 - 4 + 168*o - 180*o - o**2. Let r be u(-12). What is the hundreds digit of (-4 - (-33)/6)*(-1572)/r?
2
Suppose 5 = s, -4*s - 164648 = -9*v + s. What is the units digit of v?
7
Let w be (2/(-4))/((2*(-12)/(-144))/(-1)). Let a = -96 - -171. Suppose -w*u + a = -177. What is the tens digit of u?
8
Suppose -4*s = -2*f - 1952, 2616 + 1253 = -4*f + s. What is the units digit of (f/(-6))/((-5)/(-5))?
1
Let l(g) = g**2 + 10*g + 23. Let u be l(-13). Let i = -64 + u. Let d(c) = 25*c**2 + 5*c - 2. What is the tens digit of d(i)?
8
Suppose -3 = -5*t + 22. Let w(u) = -u**3 - 12*u**2 - 23*u + 1. Let x be w(-9). What is the tens digit of 161/x + 5 + 323/t?
6
Let r be (-3 - 20/(-5)) + 2. Suppose 0 = r*i - 1170 + 9. What is the tens digit of i?
8
Suppose -a = -5*j + 7, -2*j = -3*j - 4*a + 14. Let l = 420 + -187. Suppose -j*v = -3*i - l, -6*i - 106 = -v - i. What is the units digit of v?
1
Suppose -15*r - 13293 = -22*r. Let q = r + -1180. What is the hundreds digit of q?
7
Let r(p) = 505*p**3 + 3*p**2 - 3*p + 10. What is the ten thousands digit of r(3)?
1
What is the thousands digit of 19729 - (1/(-2))/(232/48 - 5)?
9
Suppose -19466 = 5*o + 4*s - 97418, 2*o + 2*s - 31182 = 0. What is the hundreds digit of o?
5
Suppose -8*y + 7*y - 4*u + 6676 = 0, 5*y - 4*u = 33236. What is the hundreds digit of y?
6
Suppose -5*q + 3*u = -11142, -7*q + 12*q - u - 11134 = 0. What is the hundreds digit of q?
2
Let i = 8 + -3. Let o = i - 2. Suppose -4*q + 85 = 3*y - 141, -171 = -3*q - o*y. What is the tens digit of q?
5
Let v = 289 - -4007. What is the hundreds digit of v?
2
What is the ten thousands digit of (28 + (-47542)/6)*(-2 - 1)?
2
Suppose 4*w - 2*w = 3*z - 10, 0 = 4*w + 4*z. Let y(v) = 3*v**2 + 3*v + 8. Let c be y(w). Let r = 57 - c. What is the tens digit of r?
4
Let z = -22 + 8. Suppose 0 = 2*u, 2*h + 75 = -3*h + 3*u. Let o = z - h. What is the units digit of o?
1
Let f(o) = 1015*o**3 + 2*o**2 + 24*o - 45. What is the hundreds digit of f(2)?
1
Suppose -3*h - 4*w + 26200 = 1469, 2*h - 5*w = 16495. What is the units digit of h?
5
What is the thousands digit of ((-3200)/3)/((-226)/339)?
1
Suppose 16*l - 47 = 17. Suppose -c = -l*f + 222 + 401, -464 = -3*f + 4*c. What is the units digit of f?
6
Suppose -536*g + 532*g = -23420. What is the thousands digit of g?
5
Let t = -635 + 962. What is the hundreds digit of t*(8/(-20) + (-124)/(-60))?
5
Let b = 53890 + -27823. What is the units digit of b?
7
Let p = -61 + 81. What is the units digit of 2262/8 + ((-5)/(-1))/p?
3
Let f(c) = -2*c - 12. Let x be f(7). What is the hundreds digit of (66/7)/(x/(-1092))?
3
Let w(n) = 26*n**2 + 141*n - 2460. What is the thousands digit of w(35)?
4
Suppose -o - 2 = f - 11, -4*f = -2*o - 6. Suppose f*q - 1654 = -s, 5*q = 5*s - 1148 + 3228. What is the units digit of q?
4
Suppose 14*v = 8*v. Let o = 135 - v. Let g = o + -95. What is the tens digit of g?
4
Let t = -4 + 185. Suppose t = 2*z - 505. What is the tens digit of z?
4
Suppose 49*y + 15*y = 23*y + 409754. What is the units digit of y?
4
Let m(x) = x - 11. Let h be m(26). What is the tens digit of (-102)/(-3) - (h + -11)?
3
Suppose -65*d + 1089607 = -176168 + 268935. What is the units digit of d?
6
Let j(b) be the second derivative of -8*b**5/5 - 11*b**4/12 - 5*b**3/6 - 5*b**2/2 + 5*b + 8. What is the hundreds digit of j(-4)?
8
Let c(k) = -7*k**3 - 13*k**2 + 5*k + 30. What is the tens digit of c(-6)?
4
Let c(l) = l**2 + 2*l + 5. Let u be -2 - 0/(3